True
Is 1847 a composite number?
False
Is 435763 a composite number?
False
Is 20369 composite?
False
Is 2999 composite?
False
Is 13873 a prime number?
True
Is 4819 a composite number?
True
Is 4099 prime?
True
Is 260911 prime?
False
Is 495923 composite?
False
Is 11220457 a prime number?
True
Is 2777 a prime number?
True
Is 1087315 a composite number?
True
Is 54118 a prime number?
False
Is 83081 a prime number?
False
Is 2453 composite?
True
Is 33281 a prime number?
False
Is 73277 a composite number?
False
Is 5623 a prime number?
True
Is 57055 a composite number?
True
Is 294673 composite?
False
Is 29114 a prime number?
False
Is 325327 a prime number?
False
Is 619289 a composite number?
True
Is 6709 a prime number?
True
Is 1399 composite?
False
Is 20071 a prime number?
True
Is 4112137 a composite number?
False
Is 3715909 a prime number?
True
Is 23399 composite?
False
Is 818359 a composite number?
False
Is 5039 a composite number?
False
Is 117697 composite?
True
Is 338659 prime?
True
Is 4441 a composite number?
False
Is 64487 a prime number?
False
Is 648953 prime?
True
Is 3407 composite?
False
Is 217661 a prime number?
True
Is 2963 prime?
True
Is 4369 a prime number?
False
Is 7753 composite?
False
Is 541361 composite?
False
Is 871519 composite?
True
Is 12989 prime?
False
Is 124979 composite?
False
Is 300187 prime?
True
Is 16637 prime?
False
Is 261343 composite?
True
Is 3541 a prime number?
True
Is 2088103 composite?
False
Is 263 composite?
False
Is 50191 prime?
False
Is 161897 prime?
False
Is 136709 prime?
True
Is 55997 a prime number?
True
Is 8923 prime?
True
Is 7103 prime?
True
Is 7639 a composite number?
False
Is 348989 prime?
True
Is 95509 prime?
False
Is 1219183 composite?
True
Is 25489 prime?
False
Is 31883 a composite number?
False
Is 39513 a prime number?
False
Is 56339 a prime number?
False
Is 10853 composite?
False
Is 613361 prime?
False
Is 15947 a prime number?
False
Is 4721 a composite number?
False
Is 29803 a prime number?
True
Is 225689 a composite number?
False
Is 19531 composite?
False
Is 30346 a prime number?
False
Is 2293 composite?
False
Is 8327 prime?
False
Is 1573279 prime?
False
Is 3453 a prime number?
False
Is 750787 a composite number?
False
Is 11443 a composite number?
False
Is 1096343 a prime number?
False
Is 19853 a prime number?
True
Is 7751 a composite number?
True
Is 148609 a composite number?
False
Is 106577 a prime number?
False
Is 2599 a prime number?
False
Is 867617 prime?
True
Is 47603 a prime number?
False
Is 1711459 a composite number?
False
Is 1253807 prime?
False
Is 20507 a prime number?
True
Is 20569 composite?
True
Is 3573599 prime?
True
Is 3103 a prime number?
False
Is 39857 composite?
False
Is 138427 prime?
True
Is 290557 prime?
True
Is 1319 prime?
True
Is 21583 a prime number?
False
Is 21247 prime?
True
Is 165653 composite?
False
Is 4391 a composite number?
False
Is 6865 a prime number?
False
Is 60283 composite?
True
Is 2684141 prime?
True
Is 560563 a composite number?
True
Is 32117 a prime number?
True
Is 50449 composite?
True
Is 5909 composite?
True
Is 2609 composite?
False
Is 4571 a composite number?
True
Is 7609 a prime number?
False
Is 8053 a prime number?
True
Is 239671 prime?
True
Is 221449 a prime number?
False
Is 27479 prime?
True
Is 187273 a prime number?
True
Is 256294 prime?
False
Is 1025303 a composite number?
False
Is 2459 composite?
False
Is 36601 a prime number?
False
Is 907 a composite number?
False
Is 3833 a composite number?
False
Is 7913 prime?
False
Is 23149 prime?
False
Is 7717 prime?
True
Is 67163 a composite number?
True
Is 24791 prime?
False
Is 4703 a composite number?
False
Is 7969 prime?
False
Is 29479 composite?
True
Is 229459 composite?
False
Is 91169 prime?
False
Is 16663 composite?
True
Is 11197 prime?
True
Is 23137 a composite number?
True
Is 22823 composite?
True
Is 27211 prime?
True
Is 316993 a composite number?
True
Is 74557 composite?
True
Is 12929 a composite number?
True
Is 567407 composite?
False
Is 7593 a composite number?
True
Is 20419 a composite number?
True
Is 5753 a composite number?
True
Is 195623 a composite number?
True
Is 31069 a prime number?
True
Is 1320737 prime?
False
Is 2741 composite?
False
Is 2394257 a prime number?
True
Is 33851 a composite number?
False
Is 4195 a composite number?
True
Is 299981 composite?
True
Is 146123 prime?
False
Is 22261 prime?
False
Is 12273 a prime number?
False
Is 17621 a composite number?
True
Is 2443 composite?
True
Is 2455 prime?
False
Is 24437 prime?
False
Is 77383 prime?
True
Is 213545 a composite number?
True
Is 86323 a composite number?
False
Is 61813 composite?
False
Is 6709 prime?
True
Is 2169994 composite?
True
Is 16937 a composite number?
False
Is 1134467 composite?
False
Is 85973 prime?
False
Is 1099957 a prime number?
True
Is 89173 a prime number?
False
Is 4061 a composite number?
True
Is 412637 a prime number?
True
Is 63314 a prime number?
False
Is 406969 a prime number?
True
Is 72101 a prime number?
True
Is 25523 a prime number?
True
Is 37441 a prime number?
True
Is 1066337 a prime number?
False
Is 34229 a composite number?
True
Is 15949 composite?
True
Is 75441 composite?
True
Is 37267 composite?
True
Is 1793 prime?
False
Is 384943 a prime number?
False
Is 828479 composite?
True
Is 9609 a composite number?
True
Is 713051 a composite number?
True
Is 420106 a composite number?
True
Is 1011 composite?
True
Is 13319 prime?
False
Is 1543 a composite number?
False
Is 12421 composite?
False
Is 21961 prime?
True
Is 1447717 a prime number?
True
Is 4183 composite?
True
Is 562201 prime?
True
Is 6787 composite?
True
Is 4195 a composite number?
True
Is 267 a prime number?
False
Is 679 a prime number?
False
Is 59999 a prime number?
True
Is 211039 composite?
False
Is 7633 composite?
True
Is 19031 composite?
False
Is 176159 a prime number?
True
Is 4327 a composite number?
False
Is 3799 prime?
False
Is 299605 a composite number?
True
Is 6637 a composite number?
False
Is 128897 composite?
True
Is 33206 composite?
True
Is 1314767 a composite number?
False
Is 80165 prime?
False
Is 127807 prime?
True
Is 120181 a prime number?
True
Is 58889 composite?
False
Is 162649 prime?
True
Is 143801 a prime number?
False
Is 175537 a composite number?
True
Is 82387 prime?
True
Is 2044411 a prime number?
True
Is 6337 prime?
True
Is 3425849 a prime number?
False
Is 789 prime?
False
Is 1852771 composite?
False
Is 483871 composite?
True
Is 2078897 a composite number?
True
Is 1451039 prime?
True
Is 110147 a prime number?
False
Is 1943 composite?
True
Is 18637 a composite number?
False
Is 167539 a prime number?
False
Is 682235 composite?
True
Is 91009 a composite number?
False
Is 35807 a composite number?
True
Is 653669 composite?
True
Is 730727 prime?
True
Is 75889 a prime number?
False
Is 1220969 composite?
False
Is 168617 a composite number?
False
Is 10727 composite?
True
Is 7753 a composite number?
False
Is 187231 composite?
True
Is 12607 a composite number?
True
Is 179791 composite?
True
Is 39587 prime?
False
Is 4063 composite?
True
Is 1220543 prime?
False
Is 328511 prime?
True
Is 3169121 composite?
False
Is 29663 composite?
False
Is 17467 a prime number?
True
Is 45523 a prime number?
True
Is 293 composite?
False
Is 913 composite?
True
Is 83653 a composite number?
False
Is 8461 composite?
False
Is 1123033 composite?
True
Is 29171 composite?
True
Is 26281 prime?
False
Is 460813 a prime number?
True
Is 137117 a composite number?
False
Is 59651 a composite number?
False
Is 130483 a composite number?
False
Is 2999 composite?
False
Is 62683 prime?
True
Is 165641 composite?
True
Is 173617 composite?
False
Is 855973 prime?
False
Is 947455 a composite number?
True
Is 38039 composite?
False
Is 113711 composite?
True
Is 91331 prime?
True
Is 139873 a prime number?
False
Is 354533 a composite number?
False
Is 548687 prime?
True
Is 118621 composite?
False
Is 479 a prime number?
True
Is 157 a prime number?
True
Is 50359 a prime number?
True
Is 141385 prime?
False
Is 195497 a composite number?
False
Is 11095405 a prime number?
False
Is 181067 composite?
True
Is 2458 a composite number?
True
Is 7187 composite?
False
Is 785951 composite?
False
Is 93679 a prime number?
False
Is 22613 composite?
False
Is 11545 composite?
True
Is 51697 a composite number?
T